 is divided by 34?
28
Calculate the remainder when 4209 is divided by 156.
153
What is the remainder when 5026 is divided by 12?
10
What is the remainder when 356 is divided by 346?
10
What is the remainder when 123 is divided by 65?
58
Calculate the remainder when 162 is divided by 56.
50
Calculate the remainder when 872 is divided by 46.
44
What is the remainder when 2313 is divided by 35?
3
What is the remainder when 14 is divided by 5?
4
Calculate the remainder when 76 is divided by 43.
33
What is the remainder when 17535 is divided by 128?
127
Calculate the remainder when 214 is divided by 111.
103
What is the remainder when 96 is divided by 14?
12
Calculate the remainder when 391 is divided by 61.
25
Calculate the remainder when 80 is divided by 48.
32
What is the remainder when 427 is divided by 7?
0
Calculate the remainder when 217 is divided by 23.
10
Calculate the remainder when 2010 is divided by 4.
2
What is the remainder when 4081 is divided by 372?
361
Calculate the remainder when 72 is divided by 40.
32
What is the remainder when 2609 is divided by 64?
49
What is the remainder when 280 is divided by 101?
78
Calculate the remainder when 7235 is divided by 268.
267
What is the remainder when 7043 is divided by 13?
10
Calculate the remainder when 292 is divided by 21.
19
Calculate the remainder when 1218 is divided by 24.
18
What is the remainder when 311 is divided by 39?
38
Calculate the remainder when 3471 is divided by 1735.
1
What is the remainder when 988 is divided by 10?
8
Calculate the remainder when 2089 is divided by 13.
9
Calculate the remainder when 2527 is divided by 32.
31
What is the remainder when 93 is divided by 51?
42
What is the remainder when 329 is divided by 62?
19
What is the remainder when 262 is divided by 107?
48
Calculate the remainder when 565 is divided by 2.
1
What is the remainder when 1050 is divided by 191?
95
What is the remainder when 32 is divided by 19?
13
What is the remainder when 177 is divided by 30?
27
Calculate the remainder when 757 is divided by 23.
21
Calculate the remainder when 2309 is divided by 77.
76
What is the remainder when 36 is divided by 28?
8
Calculate the remainder when 12430 is divided by 31.
30
Calculate the remainder when 182 is divided by 72.
38
What is the remainder when 1008 is divided by 47?
21
Calculate the remainder when 758 is divided by 53.
16
Calculate the remainder when 38 is divided by 14.
10
Calculate the remainder when 184 is divided by 8.
0
What is the remainder when 924 is divided by 58?
54
What is the remainder when 2683 is divided by 67?
3
What is the remainder when 2929 is divided by 78?
43
What is the remainder when 3742 is divided by 9?
7
What is the remainder when 201 is divided by 21?
12
What is the remainder when 441 is divided by 61?
14
Calculate the remainder when 7539 is divided by 10.
9
Calculate the remainder when 166 is divided by 57.
52
Calculate the remainder when 370 is divided by 164.
42
What is the remainder when 3714 is divided by 247?
9
What is the remainder when 109 is divided by 22?
21
Calculate the remainder when 3751 is divided by 56.
55
Calculate the remainder when 109 is divided by 46.
17
What is the remainder when 8419 is divided by 27?
22
Calculate the remainder when 196 is divided by 29.
22
What is the remainder when 181 is divided by 71?
39
What is the remainder when 359 is divided by 20?
19
What is the remainder when 482 is divided by 44?
42
What is the remainder when 1564 is divided by 313?
312
What is the remainder when 432 is divided by 223?
209
What is the remainder when 167 is divided by 35?
27
Calculate the remainder when 66 is divided by 54.
12
Calculate the remainder when 370 is divided by 31.
29
What is the remainder when 1119 is divided by 20?
19
What is the remainder when 261 is divided by 44?
41
What is the remainder when 19587 is divided by 15?
12
Calculate the remainder when 520 is divided by 36.
16
Calculate the remainder when 307 is divided by 39.
34
Calculate the remainder when 209 is divided by 33.
11
What is the remainder when 15 is divided by 14?
1
Calculate the remainder when 463 is divided by 146.
25
What is the remainder when 1119 is divided by 38?
17
Calculate the remainder when 219 is divided by 56.
51
Calculate the remainder when 1300 is divided by 119.
110
Calculate the remainder when 159 is divided by 84.
75
Calculate the remainder when 35 is divided by 1.
0
What is the remainder when 298 is divided by 20?
18
Calculate the remainder when 2834 is divided by 22.
18
Calculate the remainder when 4180 is divided by 9.
4
What is the remainder when 572 is divided by 64?
60
Calculate the remainder when 2340 is divided by 36.
0
Calculate the remainder when 1655 is divided by 204.
23
What is the remainder when 227 is divided by 22?
7
What is the remainder when 254 is divided by 65?
59
Calculate the remainder when 2405 is divided by 86.
83
What is the remainder when 77 is divided by 13?
12
What is the remainder when 290 is divided by 42?
38
Calculate the remainder when 157 is divided by 20.
17
Calculate the remainder when 728 is divided by 211.
95
What is the remainder when 501 is divided by 42?
39
Calculate the remainder when 207 is divided by 8.
7
Calculate the remainder when 46153 is divided by 22.
19
What is the remainder when 433 is divided by 63?
55
What is the remainder when 765 is divided by 721?
44
Calculate the remainder when 3289 is divided by 3270.
19
Calculate the remainder when 479 is divided by 37.
35
Calculate the remainder when 1149 is divided by 378.
15
Calculate the remainder when 929 is divided by 235.
224
What is the remainder when 775 is divided by 39?
34
What is the remainder when 105 is divided by 34?
3
Calculate the remainder when 1298 is divided by 100.
98
Calculate the remainder when 425 is divided by 46.
11
Calculate the remainder when 1492 is divided by 13.
10
Calculate the remainder when 415 is divided by 13.
12
What is the remainder when 1664 is divided by 87?
11
Calculate the remainder when 526 is divided by 161.
43
What is the remainder when 42 is divided by 29?
13
Calculate the remainder when 369 is divided by 61.
3
Calculate the remainder when 84367 is divided by 295.
292
Calculate the remainder when 630 is divided by 92.
78
What is the remainder when 338 is divided by 20?
18
What is the remainder when 1703 is divided by 24?
23
Calculate the remainder when 1241 is divided by 206.
5
Calculate the remainder when 1295 is divided by 24.
23
Calculate the remainder when 280 is divided by 94.
92
What is the remainder when 4342 is divided by 106?
102
Calculate the remainder when 7348 is divided by 25.
23
What is the remainder when 296 is divided by 43?
38
Calculate the remainder when 540 is divided by 32.
28
What is the remainder when 1481 is divided by 19?
18
Calculate the remainder when 97 is divided by 14.
13
What is the remainder when 73 is divided by 24?
1
What is the remainder when 2400 is divided by 27?
24
Calculate the remainder when 149 is divided by 51.
47
What is the remainder when 458 is divided by 149?
11
Calculate the remainder when 1454 is divided by 721.
12
Calculate the remainder when 1022 is divided by 16.
14
Calculate the remainder when 57 is divided by 18.
3
What is the remainder when 1263 is divided by 23?
21
What is the remainder when 838 is divided by 106?
96
What is the remainder when 165 is divided by 78?
9
Calculate the remainder when 31 is divided by 17.
14
Calculate the remainder when 511 is divided by 11.
5
What is the remainder when 308 is divided by 121?
66
Calculate the remainder when 1489 is divided by 453.
130
Calculate the remainder when 9 is divided by 7.
2
What is the remainder when 355 is divided by 92?
79
Calculate the remainder when 292 is divided by 61.
48
Calculate the remainder when 38 is divided by 25.
13
What is the remainder when 954 is divided by 467?
20
What is the remainder when 5898 is divided by 2944?
10
Calculate the remainder when 293 is divided by 91.
20
What is the remainder when 88 is divided by 24?
16
What is the remainder when 255 is divided by 43?
40
What is the remainder when 1861 is divided by 39?
28
What is the remainder when 108 is divided by 31?
15
What is the remainder when 1914 is divided by 9?
6
What is the r